2/(u + 1 + 2))?
2, 29
Let f(i) = 5*i - 25. Let t be f(7). Suppose 0 = t*o - 1712 - 508. What are the prime factors of o?
2, 3, 37
Suppose 0 = -5*b + 151 - 51. Let f = 19 - b. Let z = f - -5. List the prime factors of z.
2
Suppose -5 = -k + 6*k. Let x(c) = c**3 + 25*c**2 + 16*c - 58. Let n be x(-24). What are the prime factors of k/(-2)*(n + 0)?
67
Let v(l) = 35*l**2 - 65*l - 64. What are the prime factors of v(-38)?
2, 23, 1151
Let s = -77 + 68. What are the prime factors of (1830/35)/(s/(-63))?
2, 3, 61
Suppose -8*j = -2781 - 11635. Suppose 0*i = -2*q - 4*i + j, -4*q = 2*i - 3610. List the prime factors of q.
3, 7, 43
Suppose 0 = 5*n + 1178 - 68. Let q be (3 + 12/(-8))/((-1)/n). Let h = -209 + q. List the prime factors of h.
2, 31
Let q(l) = -89*l - 2 - 5 - 26*l + 9. Let p be q(-4). Suppose -258 = -5*r + p. What are the prime factors of r?
2, 3
Suppose -258*q + 126*q + 115*q + 973403 = 0. List the prime factors of q.
57259
Let s(z) = z**2 + 8*z - 15. Let h be s(-10). Suppose -h*d - 155 - 95 = -4*q, -2*q - 10 = 0. Let w = d - -143. What are the prime factors of w?
89
Suppose 5696 + 19416 = 4*a - 4*j, 12538 = 2*a + 4*j. What are the prime factors of a?
5, 251
Let z(x) = -625 - x**2 + 1265 + 7*x - 622 - 2*x. Let b = 15 - 11. List the prime factors of z(b).
2, 11
Let p(h) = 15*h**2 - 4 + 5*h**3 + 5*h - 14*h**2 - 8*h. List the prime factors of p(3).
131
Let u = 2693 + 3466. List the prime factors of u.
3, 2053
Suppose 14*o + 4 = 12*o. Let v be (51 - o - 4) + 1. Let t = 15 + v. List the prime factors of t.
5, 13
Let y = -48 - -44. List the prime factors of 3/((-12)/175)*y.
5, 7
Let d be (1*2/(-8))/(1/(-4)). Let a be (3/18*-2)/(d/(-1509)). Let m = a + -335. List the prime factors of m.
2, 3, 7
Suppose -f - 3*f - 110 = 3*h, 3*f = 5*h + 164. Let g(d) = -d**2 - 33*d + 90. What are the prime factors of g(h)?
2, 7
Suppose 0 = -6*s + 1305 - 291. Suppose 4*b = -u - s + 1296, 3*u + 1131 = 4*b. Suppose -96 = -6*c + b. List the prime factors of c.
3, 7
Let v = 156 - 142. Suppose -v*q + 5930 + 9862 = 0. List the prime factors of q.
2, 3, 47
Suppose 14 + 4 = -9*j. Let x be (4 + 2)/((-4)/j). Suppose -167 = 5*r + 5*q - 722, x*q + 197 = 2*r. List the prime factors of r.
2, 53
Let f = -1 + 17. Suppose 20*o - 304 = f*o. What are the prime factors of o?
2, 19
Let v(k) = -k**3 + 3*k**2 + 50*k + 246. What are the prime factors of v(-24)?
2, 3, 811
Suppose 0 = 17*o + 7*o - 31968. Suppose 10*b = 16*b - o. List the prime factors of b.
2, 3, 37
Suppose 143*d - 6443960 = 4037225. List the prime factors of d.
5, 107, 137
Let y be 70/(-12) - (-5)/(-30). List the prime factors of ((-3)/y)/((-2)/(-2464)).
2, 7, 11
Let u(f) = 6*f**2 + 3*f - 41. Let d(h) = 6*h**2 + 2*h - 42. Let p(s) = -2*d(s) + 3*u(s). What are the prime factors of p(-9)?
2, 3, 67
Suppose -5*b = -2*i - 94, 4*i + 33 = 5*b - 55. What are the prime factors of (-12)/b + (-4)/(20/(-3433))?
2, 7
Let r = 236 + -234. Suppose 2*t - 4*v - 336 = 0, 2*t = -0*t - r*v + 330. List the prime factors of t.
2, 83
Suppose 10189931 - 3082281 = -161*d + 436*d. List the prime factors of d.
2, 12923
Let l(m) = -189*m**2 - 2*m + 10. Let x be l(2). Let d = x - -1181. List the prime factors of d.
431
Suppose 4*v - 3*p = 258 + 120, 0 = -p + 2. Suppose 8*x - v = -8. List the prime factors of x.
11
Suppose -69025 = 34*y - 45*y. List the prime factors of y.
5, 251
Suppose -4*l - 88 = -4*w, -16*w - 5*l - 74 = -19*w. Suppose -452 = -a - 2*k, 3*a - w*k = -15*k + 1320. List the prime factors of a.
2, 3, 37
Let m be (5/(-15))/(-1*2/12). Let f(d) = 11*d + 29 - 23*d + 2*d**2 - 3*d**m. What are the prime factors of f(-10)?
7
Let u(d) = 52*d**2 + 45*d**2 + 20*d + 31*d**2 + 45 - 104*d**2 - 4*d. List the prime factors of u(-5).
5, 113
Let l be ((-2)/(-3))/(18/1323). Suppose -2*q = -k + 2 + 14, -5*q = -3*k + l. Suppose -36 = -3*s + k. List the prime factors of s.
2, 3
List the prime factors of ((-21)/14)/((-99)/4479684).
2, 33937
Let w be (2 - (-18)/(-10)) + 8082/90. List the prime factors of -162*2*(w/24)/(-5).
3
Let c(a) = a**3 - 5*a**2 + 9*a - 22. Let r be c(5). Suppose -r*b = -17*b - 4500. What are the prime factors of b?
2, 3, 5
Let x(o) = -13*o + 17. Let l be x(6). Suppose 2*w + 1 = w. What are the prime factors of w - l - (17 - 17)?
2, 3, 5
Let k(u) be the first derivative of -u**3/3 + 8*u**2 + 6*u - 641. Suppose -3*c - c + 56 = 0. List the prime factors of k(c).
2, 17
What are the prime factors of 2 + 8347 - (-261)/(-29)?
2, 3, 5, 139
Suppose -2*i - 10 = -4*i. Suppose 0 = i*n + 92 + 33. Let u = 38 + n. List the prime factors of u.
13
What are the prime factors of ((-4)/(-2 - -3))/(1*2/(-2211))?
2, 3, 11, 67
Let d be 2*(95/(-10) + 6). What are the prime factors of (7/d)/((-12)/7380)?
3, 5, 41
Suppose t - 7*j = -3*j + 20744, 0 = 2*t + 3*j - 41422. What are the prime factors of t?
2, 5, 7, 37
Let g(u) = u. Let i(l) = 2*l - 5. Let y(t) = g(t) - i(t). Let p be y(3). Suppose -200 = -4*r - p*c + 64, -r - 4*c + 59 = 0. What are the prime factors of r?
67
Let m(b) = 42*b**2 - b - 36. Let u(j) = -21*j**2 + j + 17. Let c(o) = 6*m(o) + 11*u(o). List the prime factors of c(7).
3, 5, 23
Suppose 3*t - 171431 + 55557 = 105112. What are the prime factors of t?
2, 3, 12277
Suppose 302678 - 1691240 = -147*b. What are the prime factors of b?
2, 4723
Let x(l) = 24*l**2 + 14*l + 14. Let h = 321 - 328. What are the prime factors of x(h)?
2, 3, 7, 13
Suppose 3*t = -o + 146880, -3611*t + 3606*t - 2*o + 244797 = 0. What are the prime factors of t?
3, 19, 859
Let c(x) = 513*x - 286. What are the prime factors of c(9)?
61, 71
Let l = -1198 - -3414. Suppose w - 2 = -4, 4*i - 2*w - l = 0. List the prime factors of i.
7, 79
Suppose 3*p = -2*n + 120137, -3*p + 2*n = -16649 - 103520. List the prime factors of p.
11, 331
Suppose 0 = -5*a + 18 + 7. Suppose 4*c - a*b = 327, 10*c - 14*c + 4*b = -328. List the prime factors of c.
83
Let f(y) = -267*y**2 - 2*y + 7. Let j be f(3). Let h = j + 5342. List the prime factors of h/48 + (-1)/4.
61
Suppose -5*d = 77 - 87. Suppose 0 = -d*r + 3*s + 754, 554 = 2*r - 2*s - 196. What are the prime factors of r?
7, 53
Let i = 2527 + -28. List the prime factors of i.
3, 7, 17
Let j(p) = 4*p - 25. Let i be j(7). Suppose -4*o = -i*x - 4, -4*o - 2 = 4*x - 6. Suppose 0*f - o = f, -f + 59 = 4*w. List the prime factors of w.
3, 5
Suppose 14*q + 18 = 11*q. Let s be 2*-3*(-4)/q. List the prime factors of (0 - 594/s) + 7/14.
149
Let l(b) = -3*b**2 - 18*b. Let g be l(-12). Let i = -149 - g. Suppose -358 - i = -5*c. What are the prime factors of c?
5, 17
Let i(y) = y**3 - 4*y**2 - 9*y + 24. Let p be i(5). Suppose -40 = 4*u + p*u. What are the prime factors of 4/(6*u/(-915))?
2, 61
Let a = 7416 - -5055. What are the prime factors of a?
3, 4157
Suppose -4*f - 92 + 112 = 0. Suppose 5*v - 205 = -f*b, -4*b + v + 164 = -0*b. Suppose 0 = 3*y - b - 25. List the prime factors of y.
2, 11
List the prime factors of (7/((-49)/6134))/(12/(-42)).
3067
Let x = 6441 - 3994. Suppose -v + 554 = -5*q, -3*v + x = q + 785. List the prime factors of v.
2, 277
Suppose 811*a - 810*a = 9797. List the prime factors of a.
97, 101
Let g be 3/(-21) + 87/21 + 334. Suppose g = -61*d + 62*d. What are the prime factors of d?
2, 13
Suppose d = 6*k + 28, -5*d + 40 = k - 6*k. Suppose 2*b - 580 = -0*q - d*q, 0 = 4*b - 8. List the prime factors of q.
2, 3
Let l(k) = -k**3 + 9*k**2 - 12*k - 10. Let d be l(7). What are the prime factors of -2 + d/((-12)/(-1383))?
3, 17
Suppose -4*d = -c - 12, -2*c + 0*c = 8. Let v = 253 - 89. Suppose 3*x - v = s, d*x + 4*s + s = 132. List the prime factors of x.
2, 7
Let l = 49057 + -18115. List the prime factors of l.
2, 3, 191
Let j = 28 - 7. List the prime factors of (438/j)/((-9)/(-63)).
2, 73
Let t(h) = -h**2 - 17*h - 56. Let g be t(-12). Suppose g*s - 9292 = -42*s. What are the prime factors of s?
2, 101
Let q be (-10)/(-2) + 15 + -29. Let v be 442/1*q*(-6)/36. Let n = v + -403. List the prime factors of n.
2, 5, 13
Let b = 120 - 75. Let d = b - 42. What are the prime factors of (-1*(d - 4) + -2)*-83?
83
List the prime factors of (-1 + 6817/(-1))/(-9 + 8).
2, 7, 487
Suppose 3*z - 7298 = -2*r, 4*r - 6798 = -z + 7798. Suppose -418 = 9*h - r. What are the prime factors of h?
359
Suppose -62 = -0*t - t + 3*w, -114 = -2*t + w. Suppose t = -3*f - 22. What are 